pose 66 = -h + 59. Let v(d) = 5*d**3 - 17*d**2 - 10*d + 9. Let w(u) = -2*u**3 + 8*u**2 + 5*u - 4. Let r(s) = h*w(s) - 3*v(s). Determine r(-4).
5
Suppose 0 = 15*o - 17*o. Suppose o = 5*b - 3 - 2. Let d(c) be the third derivative of c**6/120 + c**3/6 + 5*c**2. Determine d(b).
2
Let i be (-5 + 3)*2/(-4). Suppose 19 = -4*t - i. Let o(d) = d**3 + 4*d**2 - 2*d + 1. What is o(t)?
-14
Let c(p) be the third derivative of p**5/60 + p**4/2 + 5*p**3/6 - p**2 + 18*p. Give c(-5).
-30
Suppose 2*y - 2*x = 78, 0*x + 2*x = -y + 39. Let f = 8 + -3. Suppose f*z + 1 = -y. Let v(a) = a**3 + 7*a**2 - 9*a - 10. Calculate v(z).
-2
Let b = -5 - -11. Let d(f) = 2*f + 3*f - 1 - b*f. Suppose 0 = 5*z + 3*p + 28, -5*p - 17 = 4*z - 8*p. Calculate d(z).
4
Let d(q) = -q**2 + 4*q - 6. Let b(w) = -6*w**2 - 5*w + 8. Let f be b(-5). Let i be (-26)/f - (-32)/18. Suppose 2*a - 16 = -i*a. Calculate d(a).
-6
Let r(o) be the third derivative of -o**4/8 + o**3 - 2*o**2 + 11. Calculate r(8).
-18
Let m(x) = x**3 + 5*x**2 - 3*x - 23. Let a be m(-5). Let w(q) be the second derivative of q**5/20 + 3*q**4/4 + 4*q**3/3 - 2*q**2 + 15*q. Give w(a).
-4
Let m = -2 - -4. Let s be (-5)/(-2)*84/105. Let a(z) = 1 + 6*z - s - 4*z. Give a(m).
3
Let b(f) = -f + 1. Let i be b(5). Let a(t) = -t + 3*t**2 + 0*t**3 + 4 + t**3 + 0*t**3 + 0*t**2. Calculate a(i).
-8
Let p(u) = 11*u**2 + u - 1 + u**3 - 21*u**2 + 9*u**2. Let d(n) = 7*n**3 - 7*n**2 + 5*n - 5. Let i(g) = d(g) - 6*p(g). Calculate i(0).
1
Let h(s) be the second derivative of -s**3/6 - s**2/2 + 2*s. Suppose -4*x + 3 = -3*x. Let q = x - 5. Give h(q).
1
Suppose -2*i + i + 5 = 0. Suppose 6*x - 26 = -i*z + 2*x, 2*z = 3*x + 15. Let j(l) be the second derivative of -l**3/6 + 5*l**2 + l. What is j(z)?
4
Let w(z) = 2*z + 19. Let r(k) = -2*k**2 + 31*k - 75. Let u be r(13). Calculate w(u).
-1
Suppose 0 = 7*o + 2 - 23. Let w(g) = -2*g**3 - 4*g**2 + 11*g + 1. Let c(u) = u**3 + 2*u**2 - 5*u. Let m(z) = o*w(z) + 7*c(z). Determine m(-3).
0
Let u(m) = m**2 + m + 2. Suppose 0 = 2*j - 4*d - d - 30, 3*j - 5*d - 40 = 0. Let g(v) = v**2 - 11*v + 7. Let t be g(j). Calculate u(t).
8
Suppose 59*u = 41*u + 54. Let c be 0 - -1 - (0 + -1). Let a(k) = -c*k + 4*k + k**3 - 1 - 2*k**2 - 4*k. Calculate a(u).
2
Let d = 1 + -1. Let x be 0/((-5 - -3) + d). Let w(n) = -1 + 4 - 15 - 68*n**3 + 67*n**3. What is w(x)?
-12
Let j(w) = w + 13. Let o(b) = -b - 7. Let i(l) = 3*j(l) + 5*o(l). Let f be (8/(-14))/(16/(-56)). Let q be (0 + (-1)/f)*-6. Determine i(q).
-2
Let v(i) = 123*i**3 - 14 - 13*i - 122*i**3 - 4*i + 15*i**2. Let n be v(-16). Let d(o) = -3*o**2 + 2. Calculate d(n).
-10
Let a(m) = -6*m - 1. Let u(x) be the third derivative of -x**5/60 + 5*x**4/12 - 3*x**3 - x**2. Let z = 109 + -101. Let y be u(z). Give a(y).
11
Let s be (-24)/10 - (-8)/20. Let v(m) be the second derivative of m**4/3 - m**3/3 + m**2/2 + m. What is v(s)?
21
Let w(x) = -123*x**2 - 123*x**2 + 13*x + 372*x**2 + 14 - 125*x**2. What is w(-13)?
14
Let h be 15/25 + 44/10. Suppose -m - 12 = -h*m. Let s(y) = y - 2*y - 5 + 3*y - y**m - 4*y**2. What is s(-4)?
-13
Let j(r) = r**2 - r - 1. Let u be (-1 - 11)/(-2) + 2. Suppose 27 = u*v - 11*v. Let g = -9 - v. Calculate j(g).
-1
Let z(q) = q**2 + 9*q - 12. Let r(h) = -4*h**2 - 37*h + 49. Let v(s) = 2*r(s) + 9*z(s). Calculate v(-7).
-10
Let i(l) = 47*l**2 - 140*l - 1. Let m be i(3). Let x(k) be the second derivative of -k**5/20 + k**4/4 - k**3/3 + 3*k**2/2 + k. Calculate x(m).
3
Let u be ((-112)/21)/((-2)/3). Suppose u + 27 = 5*f. Let x(k) be the second derivative of -k**4/12 + 7*k**3/6 - 7*k**2/2 - k. Determine x(f).
-7
Let l(s) = s**3 - 6*s**2 - s + 7. Suppose -4*d + 5*i = -44, -5*d = -i + 3*i - 22. Give l(d).
1
Let p(z) be the second derivative of -24*z - 1/2*z**4 + 1/20*z**5 + 0 + 0*z**2 + z**3. Calculate p(5).
5
Let x(z) = z - 10. Let l(b) = -11*b - 44. Let c be l(-5). Determine x(c).
1
Let j(r) be the third derivative of -r**4/8 - 88*r**2. Suppose -n = -4 - 0. What is j(n)?
-12
Let g = 23 - 23. Let q(i) = i**2 + 2*i - 10. Determine q(g).
-10
Suppose 0 = -4*r - 16, 7 = -c + 26*r - 28*r. Let h(x) = -9*x. Determine h(c).
-9
Let j(o) be the third derivative of -11/24*o**4 + 0 - o**2 - 1/6*o**3 + 0*o. Determine j(-2).
21
Let s(m) = m - 2*m**2 + 11 + 11 - 16 - 4. Calculate s(-2).
-8
Let i = -765 - -765. Let d(s) = -s - 9. What is d(i)?
-9
Let l(x) be the first derivative of 7*x**2/2 + 5*x + 169. Determine l(-4).
-23
Let i be 1*6*2/(-2). Let b be 0*(27/i - -4). Suppose -2*p + b = -5*f + 3, 10 = -2*f - 2*p. Let k(n) = n**2 + 2*n. Determine k(f).
-1
Let l(j) be the second derivative of j**2 - 1/6*j**3 - 13*j + 0. Let g = -5 + 12. Give l(g).
-5
Let n(z) be the second derivative of -7*z**3/6 + 22*z**2 + 2*z + 9. Give n(8).
-12
Let t be 10/25 - 56/(-10). Let u be (t*10)/3 - 3. Let z(l) = l**2 + 19*l - 40*l + u*l. What is z(3)?
-3
Let u(m) = m + 5. Suppose 0 = -4*i - 5*y - 11, -3*i - 3*y - 10 = -4. Let z(v) be the first derivative of v**3/3 - v - 71. Let c be z(i). What is u(c)?
5
Let w be 6/18 + (-10)/3. Let n(t) = -t**2 - 4*t - 4. Determine n(w).
-1
Let f(x) = -21*x - 3. Suppose -51*i - 43*i = 188. What is f(i)?
39
Let k = -1 - 1. Let u(x) = -x**3 - 17*x**2 + 16*x + 2. Let w be u(-18). Let p(c) = -w + 0*c + 4*c + 39. Give p(k).
-7
Let y(u) = u**3 + u**2 + u. Let x be y(0). Let w(p) = 37*p + 21. Let k(v) = -43*v - 22. Let o(s) = 6*k(s) + 7*w(s). What is o(x)?
15
Let t(z) = -z. Let u(b) = b**3 - 5*b**2 - b + 5. Let h(m) = -m**2 + m + 1. Let k be h(-1). Let r be 0 - 0 - (k - 0). Let a(o) = r*u(o) - t(o). Give a(5).
5
Let u(j) be the first derivative of j**4/4 + j**3 + j**2 - 2*j - 227. Calculate u(-3).
-8
Let g be 5/(2/(-4*(-24)/80)). Let p(d) be the first derivative of 3*d**2 - 1/3*d**g + 4*d - 13. What is p(5)?
9
Let f(i) = -6*i - 5. Let p(c) = -7*c - 6. Let u(k) = -6*f(k) + 5*p(k). Let g be 180/22 - (6 - (-448)/(-77)). What is u(g)?
8
Let x = 6609/1202 + 1/601. Let q(i) be the first derivative of -x*i**2 - 1 + 0*i. Calculate q(1).
-11
Let g(c) = 3*c - 2. Let t be g(2). Let i = 25 + -21. Let q(d) = 2 + 7*d + 5*d + i*d - 12*d - d**2. Determine q(t).
2
Let c(p) be the third derivative of p**4/8 - 2*p**3/3 - p**2 + 46*p. Determine c(8).
20
Suppose 0 = 6*s + s. Let h(k) = s*k - 34*k**2 + 4 + 36*k**2 + k**3 - k. Suppose y = -4*j - 7, 0*j + j = y + 2. Give h(y).
-2
Let q(l) = -l**3 - 6*l**2 - l - 2. Let a be q(-6). Suppose -4*k + 16 = -a*r, -3*k + r - 2 = -8*k. Let v(b) = 6*b**3 + b**2. Give v(k).
7
Let n(s) = s + 46 - 22 + s**2 - 17*s**3 - 23. Suppose 4*z + 6 - 2 = 0. Calculate n(z).
18
Let a(o) = -7*o**2 - 10*o - 5. Let n(i) = -26*i**2 - 8*i - 13*i + 0*i - 10 + 11*i**2. Let f(g) = -13*a(g) + 6*n(g). Calculate f(-5).
10
Suppose -2*c + 7*c - 105 = 0. Suppose -3*b + c = -0. Let m(f) = f**3 + 3*f - 2*f**2 - f**2 + 0*f + 3 - b. Calculate m(3).
5
Let j be 10/(-6) - 1160/(-30). Let u(c) = c**3 + 40*c**2 - 66*c**2 - 8 + j*c**2. Calculate u(-11).
-8
Let d = -978 - -978. Let a(x) be the third derivative of -x**3 + d - 1/12*x**4 + 10*x**2 + 0*x. Give a(-6).
6
Let p = -1208 - -1207. Let h(q) = 5*q**2 - 3*q - 2. Calculate h(p).
6
Suppose -5*x = -3*f + 9, -5*x - 5*f + 15 = -0. Let s(h) = h**2 + h - 25. Determine s(x).
-25
Let x(t) be the third derivative of -t**4/24 - 2*t**3/3 - 47*t**2 - 2*t. What is x(-6)?
2
Let j(y) be the second derivative of -y**5/20 - y**4/6 + 11*y**3/6 + 4*y**2 - 82*y - 2. Calculate j(-4).
-4
Suppose -23 + 15 = -2*d. Let m(w) be the third derivative of 1/12*w**d + 0 - 1/6*w**3 + 0*w - 1/15*w**5 + w**2. Calculate m(1).
-3
Let f be -5 - (1 - 3/3). Let r(l) be the first derivative of -l**4/4 - 5*l**3/3 - l**2/2 - 3*l - 11. Calculate r(f).
2
Suppose 2*w - 4*o = -26, 4*o + 1 - 17 = 0. Let q(f) = -f - 1. Let b be q(w). Let a(p) = b*p**3 + 8*p + 3*p**3 - 9*p. Calculate a(1).
6
Let g(q) be the first derivative of -q**4/4 + 3*q**3 + 13*q**2/2 - 2*q + 44. Determine g(10).
28
Let w(g) = g**2 - 3*g - 1. Let m(r) = r**2 - 2*r. Let p = 16 - 10. Let a(c) = p*m(c) - 5*w(c). Let h(y) be the first derivative of a(y). Give h(3).
9
Let r(h) = -h**2 - h. Let s = 0 + -1. Let t(o) = o**2 - o. Let v(f) = s*r(f) + 2*t(f). Suppose 0*n - 3*n = 3. Calculate v(n).
4
Let t(i) = -i**2 + i - 1. Let w = -42 + -6. Let y be w/(-21) - 10/35. What is t(y)?
-3
Let q(y) = -y**3 - 3*y**2 - 2*y + 3. Suppose -60 = -150